 1 + 6*(-2)/(-3). Suppose -3*d + 34 = z*u, -4*u - 21 = -2*d + 31. What is the remainder when d is divided by 7?
4
Suppose -5*c = 41 - 191. Let a(p) = -p - 1. Let h be a(-6). Suppose -6*n - h*y = -2*n - 44, 11 = n + 5*y. Calculate the remainder when c is divided by n.
8
What is the remainder when (3 + 21/7)/((-3)/(-8)) is divided by 4?
0
Let a be 204/(-1)*(-1)/(-2). Let h = a - -51. Let u = 122 + h. What is the remainder when u is divided by 24?
23
Let o = -6 + 9. Suppose -2*n + 127 = o*u, -76 = 5*u - 3*n - 313. Let v = u + -31. What is the remainder when 40 is divided by v?
12
Let w(t) = 5*t**2 - 2*t + 7. Calculate the remainder when 227 is divided by w(3).
43
Let o(b) = 7*b - 14. Suppose 0 = d - 0*d - 18. What is the remainder when o(7) is divided by d?
17
What is the remainder when 17 - 2*(-12)/8 is divided by 6?
2
Let y = 3 - 7. Let h = y - -8. Calculate the remainder when 15 is divided by h.
3
Let c(f) = 20*f**3 - 20*f**3 - f + 29*f**3. Calculate the remainder when c(1) is divided by (-5)/2*(-5 - -1).
8
Let y(o) be the third derivative of -4*o**2 - 1/40*o**6 + 0*o + 0 - 1/8*o**4 - 1/30*o**5 - 1/2*o**3. What is the remainder when y(-2) is divided by 7?
5
Let b(k) = 3*k - 6. Let z be b(6). Let j = z + -8. Calculate the remainder when 7 is divided by j.
3
Suppose 11 = 3*s - 28. What is the remainder when 51 is divided by s?
12
Suppose 2*g + 235 = -3*z + 7*g, 4*z - 5*g = -320. Let c = -52 - z. Calculate the remainder when c is divided by 7.
5
Let t(h) = 2*h + 6. Let j(x) = -2*x - 2*x + 6*x - 1 + 2. Let q be j(2). Calculate the remainder when 31 is divided by t(q).
15
Suppose 1 = -n, 1 + 2 = 4*b - 3*n. Suppose -6*x = 2*w - 3*x - 8, b = -5*w - 4*x + 20. Suppose w*g + 30 = 5*g. What is the remainder when g is divided by 16?
14
Calculate the remainder when ((-36 + 0)/(-3))/(6/8) is divided by 9.
7
Suppose 6*n + 7 = 25. What is the remainder when 9 is divided by n?
0
What is the remainder when 31 is divided by 0 + 1 - (-70)/7?
9
Suppose -j + 4*j = 69. Let m(c) = 2*c - 4*c**3 + 0*c**3 + 3*c**3 + 0*c - 3*c**2. What is the remainder when j is divided by m(-4)?
7
Suppose 3*m = g + 108, 2*g + 108 = 3*m - g. Let l = -21 + m. What is the remainder when l is divided by 8?
7
Suppose 2*h + 7*n - 2*n = 73, 3*h - n = 84. Suppose 59 - 9 = 5*i. Calculate the remainder when h is divided by i.
9
Let m = 32 - 22. Suppose m = 5*s - 0*s. Let q = 5 + -2. Calculate the remainder when q is divided by s.
1
What is the remainder when ((-1)/(-4) - (-1)/12)*24 is divided by 1 + (0 + 1)*2?
2
Let n(m) = m**2 - 3*m + 2. Suppose 0 = -4*h + 3*h - 4*i - 2, -4*h = 3*i - 5. Let g be n(h). Suppose g*b = b - 25. What is the remainder when b is divided by 13?
12
Suppose 5*b - 3*h = 17, -5*b - h + 21 = -0. What is the remainder when 9 is divided by b?
1
Suppose 14 = -3*n + 4*n + 4*c, -5*n - 3*c = -19. Suppose -6*o + 2*o - 4*q = 12, 2*o = -5*q - 21. What is the remainder when n is divided by o?
0
Let u(a) = 15*a**3 - 2*a**2 + 2*a - 1. Calculate the remainder when 25 is divided by u(1).
11
Let w(b) = -b**2 - 7*b - 2. What is the remainder when w(-6) is divided by ((-15)/(-20))/((-3)/(-12))?
1
Suppose t = 1, -2*t - 30 = -x - 3*x. Let s(m) = m**2 + 2*m - 4. Let d be s(3). Let b = d - 8. What is the remainder when x is divided by b?
2
Let a = 71 - -4. Let b = a + -27. Calculate the remainder when b is divided by 25.
23
Let k = 120 - 107. What is the remainder when 44 is divided by k?
5
Let k(h) = 14*h + 5. Let f(q) = 15*q + 4. Let r(b) = 6*f(b) - 5*k(b). What is the remainder when r(3) is divided by 15?
14
Let i = -55 + 95. Suppose 4*b - 50 = 2*x, 3*b - 2*x = -2*b + 64. Calculate the remainder when i is divided by b.
12
Let v be ((-80)/(-25))/((-4)/(-10)). Suppose 0 = m + 4 + v. What is the remainder when 31 is divided by (-2)/m + 65/6?
9
Let d(r) = 6*r - 6. Let x(f) = 3*f - 3. Let t(w) = -4*d(w) + 7*x(w). Calculate the remainder when 33 is divided by t(-3).
9
Suppose 4*a = -3*t + 53, -5*a + t + 43 = -3*t. Calculate the remainder when 54 is divided by a.
10
Let o(j) = -j**2 + j + 1. Let c(t) = t**2 - 8*t - 11. Let m(l) = -c(l) - 2*o(l). What is the remainder when 15 is divided by m(-6)?
6
Let w = 26 - 24. What is the remainder when 4 is divided by w?
0
Let o be 0 - 1*-1*3. Suppose 0 = o*p - 18. Suppose 0*c - 2*c + p = 0. What is the remainder when 5 is divided by c?
2
Suppose 6*s + 816 = 10*s. Calculate the remainder when s is divided by 41.
40
Suppose 2*c - 5*c + 33 = 3*w, 2*c - 24 = -3*w. Calculate the remainder when 14 is divided by c.
5
Suppose -2*j + 4*w - 11 + 65 = 0, 0 = -3*j - 4*w + 121. Let u = -11 - -7. Let h = 5 - u. What is the remainder when j is divided by h?
8
Let x be 117/(-3)*2/6. Let m = x - -6. Let w = m - -11. What is the remainder when 14 is divided by w?
2
Let y be (-13)/(-5) - (-12)/(-20). Suppose 2*m - 5*m = x - 41, -3*m = -y*x - 26. Let u = 1 + 21. What is the remainder when u is divided by m?
10
Suppose -4*z = -10 + 2. Suppose -z*v - 2*v + 144 = 0. Suppose 123 = 3*l + v. Calculate the remainder when l is divided by 15.
14
What is the remainder when 32 is divided by (-3 + 8*-1)*-1?
10
What is the remainder when 3 is divided by (-3 + (-21)/(-6))*2?
0
Let i = -14 + 43. Calculate the remainder when 115 is divided by i.
28
Let b(s) = s**3 - 6*s**2 + s - 7. Calculate the remainder when b(8) is divided by 22.
19
Let u = 5 + -9. Let o(v) = -v + 49. Calculate the remainder when o(0) is divided by u*((-50)/8 - -2).
15
Let t(j) = j**3 - 4*j**2 - 3*j - 5. Let h be t(5). Suppose 4*v - 112 = -4*b, h*b = -0*v - 3*v + 140. What is the remainder when b is divided by 10?
8
Let n(u) = -10*u - 51. Calculate the remainder when 16 is divided by n(-6).
7
Let p be 2/(-6) + (-10)/(-3). Let k be (-2)/(-4)*-2 + 13. Suppose -p*s = -k - 3. Calculate the remainder when s is divided by 3.
2
Suppose 6*a - 2*a - 10 = 5*f, 0 = 5*a + f - 27. Calculate the remainder when 26 is divided by a.
1
Let s(c) = -c + 11. What is the remainder when 6 is divided by s(8)?
0
Let n be (-24)/(-10)*(-10)/(-3). Let y(v) = v**3 - 8*v**2 + 4*v - 3. Calculate the remainder when y(n) is divided by 10.
9
Suppose -1 = 5*w - 6. Suppose -h + 9 = w. What is the remainder when 22 is divided by h?
6
Suppose 0 = w + 3*z + 6, 0 = 5*w - 3*z - 22 - 2. Calculate the remainder when 17 is divided by w.
2
Let c(p) = 6*p - 3. Calculate the remainder when c(8) is divided by 12.
9
Let j be (3/(-6))/(2/(-24)). Suppose -3*d + 9 = 0, -342 = -j*n + n - 4*d. Calculate the remainder when n is divided by 17.
15
Suppose m + 76 = 5*m. Calculate the remainder when m is divided by 10.
9
Let i = 13 + 11. Calculate the remainder when i is divided by (1 - -5) + 2 + -3.
4
Let u = -8 + 18. Calculate the remainder when 36 is divided by u.
6
Suppose 0 = -p - 0 + 2. Let c(d) = 2*d**2 - d + 2. Calculate the remainder when c(p) is divided by -1*(-1)/((-1)/(-3)).
2
Let c = 32 + -24. Suppose 7*h = c*h - 7. Calculate the remainder when 12 is divided by h.
5
Let q be (-4)/(-3)*(0 + 3). Suppose -q*d + 3*d = 0. What is the remainder when 2 is divided by 3 - 1*(1 + d)?
0
Let o(i) be the third derivative of i**5/60 - i**4/3 + i**3/6 - 5*i**2. Calculate the remainder when o(9) is divided by 4.
2
Suppose 0 = -n - 0 + 20. Let j = 2 + 1. Suppose 2*x - 25 + j = 0. What is the remainder when n is divided by x?
9
Calculate the remainder when 28 is divided by ((-10 + 0)/(-1))/(-9 + 10).
8
Let g = 3 - 1. Let i be (-33)/(-6) - 1/g. Suppose 0 = 3*d + 5*c - 32, 0 = 3*c - 7 - i. What is the remainder when 10 is divided by d?
2
Suppose -72 = -4*c + 2*j, j = 5*j - 8. Calculate the remainder when c is divided by 10.
9
Let u(s) = s**3 + 7*s**2 + 6*s + 3. Let f be u(-6). Suppose 4*b - f*b = 8. Calculate the remainder when 31 is divided by b.
7
Suppose 0 = -2*u + 6*u - 160. What is the remainder when u is divided by 14?
12
Let v = -26 + 46. Let b(k) = -4*k - 1. Let a be 50/(-18) - 4/18. Calculate the remainder when v is divided by b(a).
9
Let z be (-15)/(-2)*8 + -1. Let o be 13*((-3)/(-4))/(1/(-4)). Let b = o + z. Calculate the remainder when 39 is divided by b.
19
Let j = -6 - -8. Suppose -t + 5*n + 42 - j = 0, -5*n - 70 = -2*t. Calculate the remainder when t is divided by -1*1 + (16 - -1).
14
Let y = 61 - 21. What is the remainder when y is divided by 14?
12
Let i be 46/6 - 4/(-